 greatest common divisor of 1937024 and 144892?
148
What is the greatest common factor of 130415080 and 5048?
5048
Calculate the greatest common divisor of 613613826 and 4401.
4401
Calculate the greatest common factor of 4055942 and 10807.
107
What is the highest common divisor of 8742 and 4200390?
282
Calculate the greatest common divisor of 5840 and 192640576.
1168
Calculate the greatest common divisor of 69006 and 301134.
186
What is the highest common divisor of 374339 and 1696?
53
Calculate the highest common factor of 26384 and 20144.
16
Calculate the highest common divisor of 318 and 22008939.
159
Calculate the greatest common factor of 16672 and 126248.
8
Calculate the highest common divisor of 13 and 7169.
1
Calculate the greatest common divisor of 1824 and 92256.
96
Calculate the greatest common factor of 448317165 and 492.
123
What is the greatest common divisor of 1373705 and 4715?
205
Calculate the greatest common divisor of 26261156 and 94.
94
Calculate the greatest common divisor of 24669735 and 25125.
1005
Calculate the greatest common factor of 6760 and 450840.
520
Calculate the highest common divisor of 9 and 3780111.
3
Calculate the highest common factor of 16017019 and 36859.
1189
What is the highest common factor of 951102 and 206?
206
Calculate the highest common factor of 10350 and 1857845700.
10350
Calculate the greatest common factor of 144 and 35443.
1
Calculate the highest common divisor of 18912 and 2244027.
591
What is the greatest common factor of 515753 and 7?
7
Calculate the greatest common divisor of 489018658 and 1844.
922
What is the greatest common factor of 3051300 and 7350?
1050
What is the highest common divisor of 42986636 and 9786?
3262
Calculate the greatest common divisor of 12108415 and 6935.
95
What is the greatest common divisor of 1060565 and 157770?
8765
What is the highest common divisor of 10338510 and 98?
98
What is the greatest common factor of 394 and 1648455418?
394
Calculate the highest common divisor of 463386 and 232932.
2478
Calculate the highest common divisor of 11261526 and 534.
534
Calculate the highest common factor of 1197796 and 7564.
244
Calculate the highest common factor of 3028155 and 10.
5
What is the greatest common factor of 616 and 109299806?
154
Calculate the greatest common factor of 41726772 and 459.
459
Calculate the greatest common divisor of 1797772 and 5980.
92
Calculate the greatest common divisor of 2997 and 657099.
27
What is the greatest common factor of 20250 and 44943525?
675
What is the greatest common divisor of 3465980 and 3325?
665
What is the greatest common factor of 379280511 and 1548?
387
What is the greatest common factor of 1233 and 32172532?
137
Calculate the highest common factor of 14 and 237269410.
14
What is the greatest common factor of 1683 and 153087?
33
Calculate the greatest common factor of 112112 and 28886858.
2002
Calculate the highest common factor of 1570 and 2380087030.
1570
What is the highest common factor of 58151880 and 7080?
120
What is the greatest common divisor of 316 and 6846061?
79
What is the highest common divisor of 288 and 99328?
32
What is the greatest common factor of 274467609 and 26?
13
Calculate the highest common factor of 172316 and 105876944.
7492
Calculate the highest common divisor of 2378 and 10382.
58
What is the highest common divisor of 4581 and 2144417?
509
What is the greatest common divisor of 52332 and 19604564?
2492
Calculate the highest common divisor of 1442 and 599914.
14
Calculate the highest common factor of 2023 and 8508160.
289
Calculate the highest common factor of 14300 and 89958440.
2860
What is the highest common factor of 4627 and 58824373?
661
What is the greatest common divisor of 12165256 and 245328?
2152
Calculate the greatest common divisor of 64 and 51805856.
32
Calculate the greatest common factor of 276243179 and 6085.
1217
Calculate the highest common factor of 5194 and 17992758.
742
What is the highest common factor of 15488280 and 972?
108
Calculate the highest common divisor of 15 and 3430811535.
15
What is the highest common divisor of 123147872 and 608?
32
What is the highest common factor of 1188 and 408364?
44
Calculate the highest common divisor of 34446791 and 133.
19
What is the highest common factor of 3124078 and 10858?
178
Calculate the greatest common divisor of 890460360 and 90.
90
Calculate the greatest common divisor of 49198644 and 1188.
1188
What is the highest common factor of 2159 and 1025369552?
2159
Calculate the greatest common factor of 3971 and 63151.
11
Calculate the highest common factor of 143 and 65355862.
143
Calculate the greatest common divisor of 1382846 and 92850.
1238
Calculate the greatest common divisor of 538717 and 157619.
89
Calculate the highest common divisor of 40494636 and 6006.
546
Calculate the greatest common divisor of 209874873 and 3354.
1677
What is the greatest common factor of 283808 and 3559003?
1267
Calculate the greatest common divisor of 3054 and 916709.
509
Calculate the greatest common factor of 432 and 6192128.
16
Calculate the highest common factor of 27951 and 567.
21
What is the highest common divisor of 436104 and 32346?
54
Calculate the highest common factor of 693 and 45210891.
33
What is the highest common factor of 138 and 138590042?
46
Calculate the greatest common factor of 928 and 653084.
4
What is the highest common factor of 521352106 and 1034?
1034
Calculate the greatest common factor of 300610 and 88876.
2614
Calculate the greatest common divisor of 17820950 and 20.
10
What is the highest common factor of 699924 and 28543?
1241
Calculate the highest common divisor of 3855565 and 2485.
35
Calculate the greatest common factor of 87673 and 27623.
1201
What is the highest common factor of 81945609 and 393?
393
What is the greatest common factor of 110675203 and 2389?
2389
Calculate the greatest common factor of 57 and 27403301.
19
What is the highest common factor of 284916646 and 4855?
971
Calculate the greatest common divisor of 35800 and 146310125.
4475
Calculate the greatest common divisor of 40345620 and 49.
49
What is the highest common divisor of 363776 and 8689415?
1421
What is the highest common divisor of 45 and 402565095?
45
Calculate the greatest common divisor of 3196347 and 2192.
137
What is the greatest common divisor of 428432 and 816?
16
What is the greatest common divisor of 43690 and 1262845?
85
Calculate the greatest common divisor of 14431716 and 546.
78
Calculate the highest common factor of 408158 and 7429.
437
What is the highest common factor of 4 and 3172828?
4
What is the greatest common divisor of 1658472 and 12120?
24
Calculate the greatest common divisor of 714 and 104844066.
102
Calculate the highest common factor of 11268 and 54504.
36
Calculate the highest common divisor of 4153095 and 9810.
45
Calculate the greatest common factor of 286 and 62984584.
26
Calculate the highest common divisor of 2882745 and 3525.
705
What is the greatest common factor of 70393419 and 5319?
1773
What is the highest common factor of 4300 and 5921444?
172
Calculate the highest common divisor of 25747875 and 729.
81
What is the highest common factor of 313 and 370?
1
Calculate the highest common divisor of 42104 and 661048.
152
What is the highest common factor of 90 and 7279875?
45
What is the greatest common factor of 2354245803 and 2821?
2821
What is the greatest common divisor of 2 and 13248374?
2
Calculate the highest common factor of 591693 and 134493.
381
What is the greatest common factor of 140 and 16783340?
140
Calculate the highest common factor of 122237 and 15097.
487
What is the greatest common factor of 539301 and 259?
7
Calculate the greatest common divisor of 67 and 567781450.
67
What is the highest common divisor of 118 and 10630974?
118
What is the greatest common factor of 65481 and 8658?
39
What is the highest common divisor of 298628 and 4961?
121
What is the greatest common divisor of 32 and 3234088?
8
What is the highest common divisor of 353139 and 191754?
159
Calculate the highest common factor of 135180 and 5568.
12
Calculate the highest common factor of 11799 and 29587959.
3933
Calculate the highest common factor of 21315 and 407160.
435
Calculate the greatest common d